e -31 + 3189 + 1*2/2. Suppose 3*r + m + 3439 = 5*y, -2*y + 2*r = -2640. Is y prime?
True
Let o = 241 + -239. Suppose o*c - 5*c - 1544 = -w, 3*w + 5*c = 4590. Is w composite?
True
Suppose 104*h - 4*l = 105*h - 525199, h = -2*l + 525195. Is h composite?
False
Let u(k) = 63*k**2 + 199*k - 131. Is u(46) a composite number?
True
Suppose 10*o - 5*o - 8 = 2*q, -o + 10 = q. Let y = -808 - -1746. Is ((-9)/q)/((-7)/y) composite?
True
Let x be (-10)/((-40)/36)*(2 + -3). Let d(g) = -g - 7. Let o be d(x). Suppose 3*m = -2*z + 3531, 0*z - 2*z - 2354 = -o*m. Is m composite?
True
Let b(q) = -q**3 - 22*q**2 - 18*q - 34. Let h be b(-23). Suppose -3*r + 2*c + 2667 = 5*c, -h = -r + 4*c. Is r prime?
False
Suppose v + 14499 - 197910 = -3*c, -5*c - 2*v + 305683 = 0. Is c a composite number?
True
Let a = -23 - -22. Let z be (54/4 + -3)/(a/(-4)). Let r = z - -245. Is r a composite number?
True
Let v = -91 + 102. Suppose -v*a + a + 33690 = 0. Is a a composite number?
True
Is ((-6)/30)/((-22)/13107490) prime?
True
Is (4/14 + 7085668/(-56))*112/(-168) prime?
False
Let n(u) = -8*u + 4. Let z be n(0). Suppose 6877 = a + z*f, -a - 7*f + 6873 = -4*f. Is a a prime number?
False
Suppose 0 = 23*k - 635611 - 2958760. Is k a prime number?
False
Let q(j) = -4*j - 44. Let f be q(-11). Let c be (-7)/7 + (-53 - f). Let u = c - -1411. Is u a composite number?
True
Suppose -1292 + 228 = -4*n. Let j = 295 + n. Suppose -j + 116 = -5*r. Is r composite?
False
Let u = -323 + 147. Let v = -610 - u. Let f = v + 1047. Is f a composite number?
False
Suppose -x = 4*d - 10866 - 8141, 3*d - 14238 = 5*x. Suppose d = 7*t - 4538. Is t prime?
True
Is 11774784/60 + 0 + (-3)/(-5) composite?
False
Suppose 2*m - m = 0. Let a(z) = z**2 - 10*z - 91. Let r be a(16). Suppose -2*c = x - 829, m*x + 2*x - r*c - 1703 = 0. Is x a prime number?
True
Let o = 145 + -90. Let v = o - 35. Suppose 18*p - v*p = -530. Is p composite?
True
Let x(r) = -3*r - 5. Let d(u) = 6*u + 9. Let g(k) = -4*d(k) - 9*x(k). Let c be g(3). Is 22918/c - (-10)/(-45) prime?
False
Let u(z) = -9627*z - 2753. Is u(-6) composite?
False
Suppose -3*u = -3*m + 85233, 0 = 5*m + 2*u - u - 142061. Let p = m - 14421. Is p a composite number?
True
Let j(m) be the second derivative of -19*m**3/2 + 23*m**2 + m + 16. Is j(-11) a prime number?
True
Let i be (-63)/147 + (-731426)/(-7). Suppose -22*n + i + 106909 = 0. Is n a prime number?
False
Suppose -3*m - 1092*c = -1091*c - 817077, -m + 272355 = c. Is m a prime number?
False
Suppose 681 = d - 3*z, 0 = -4*d + 2*z + 2788 - 94. Suppose d = 2*x - x. Suppose -7*j + 2191 = -x. Is j prime?
True
Suppose 1940396 - 392558 = 18*b. Is b a composite number?
False
Is (-1800)/(-2160) - 69482/(-12) prime?
True
Suppose -102*s + 933680 = -8421862. Is s composite?
True
Let j be (-2 - -9 - 6)*-1. Is ((-1)/3*j)/(4/81876) composite?
False
Let w(y) = 10*y + 54. Let j be w(-5). Suppose 0 = 3*p - 3*d - 66162, p + j*d - 66141 = -2*p. Is p composite?
False
Let q(x) = -7*x + 4. Let l be q(-1). Suppose 3*v - l*v = -16. Suppose v*m + 8*m = 16570. Is m prime?
True
Suppose m + 764697 = 5*a, 3*a = 9*m - 13*m + 458809. Is a composite?
False
Suppose 93*l = 288*l - 240951945. Is l a composite number?
False
Suppose -3*g - 3*p + 233793 = 0, 3*g - 2*p = -148561 + 382344. Is g a composite number?
False
Suppose -436*z - 36657 = -439*z - 3*j, 5*z + 3*j - 61091 = 0. Is z a composite number?
True
Suppose -138094195 = -138*o - 25*o - 114*o. Is o composite?
True
Suppose -4*q - 62586 = 3*y - 6*y, 3*y + 4*q = 62562. Suppose -13*v = -3153 - y. Let i = v - -1850. Is i composite?
False
Let f(x) = 19*x - 21. Suppose 4*a = -2*z + 3*z + 4, 4*a = 8. Is f(z) a prime number?
False
Let i be 436/(-109) - (1 + -5843). Suppose -2*h + 12340 = -i. Is h a prime number?
False
Let h be (4*3)/((-78)/(-130)). Let i(u) = 331*u - 57. Is i(h) a prime number?
True
Suppose -4*m + 178 - 22 = 0. Suppose -m*i + 485083 = -10*i. Is i prime?
False
Let i(y) = 11*y**2 + 70*y - 590. Is i(-33) a composite number?
True
Let p be -5 + 1 + 0 - -4. Suppose -2*w - 4 + 12 = p. Suppose -5*k + w*a = -7291, 0*a + 5 = 5*a. Is k a prime number?
True
Suppose 2*a - 4 - 4 = 0, 5*h = 5*a - 20. Suppose h = 9*o + 24 + 3. Is o/15 - (-6716)/5 composite?
True
Let q = -255 - -260. Let a(m) = 826*m + 23. Is a(q) a prime number?
True
Let y(w) = -w**3 + 25*w**2 - 26*w - 14. Let r(c) = -5 - 8*c + 2*c - c - 1. Let n be r(-4). Is y(n) a prime number?
False
Suppose 3*k = -3*g + 10 + 23, 2*k - 4*g - 4 = 0. Suppose 60847 + 76185 = k*i. Is i prime?
False
Suppose 49*n - 111*n = -47*n - 3735195. Is n prime?
False
Suppose 3*n - 482353 + 86468 = -4*a, 4*n - 4*a - 527856 = 0. Is n prime?
False
Suppose 59*i = 152*i - 50117979. Is i composite?
True
Let c be (-4)/(-10) - 72/(-20). Suppose -4*j + 2516 = c*q, q + 8*j = 5*j + 625. Is q prime?
True
Suppose -3*i + 20253 = -5*z, 7*i - 5*i - 13486 = -2*z. Let c = 10443 - i. Is c a prime number?
True
Suppose -b = -11*b - 82410. Is (b/4 + (-11)/44)*-2 a composite number?
True
Let a(l) = 2 - 4*l**2 + 5*l**2 - 63. Let k be a(0). Let b = 266 + k. Is b a prime number?
False
Let r be 3 - (0 - 5)/(-5). Is 26337/(-9)*-9 + r composite?
False
Let p = 174060 + -55033. Is p a prime number?
True
Let a(n) = -537*n - 88. Let c be a(-12). Suppose 3*r - 930 - 352 = -h, -5*h + c = -3*r. Is h prime?
False
Let s(j) = 1693*j**2 - 2*j - 3. Let q be s(-1). Let d = q + -971. Let w = -179 + d. Is w a composite number?
True
Suppose 5*p - 15 = -3*y, 3*y - 21 = -4*p + p. Let c(u) = 196*u - 6. Is c(y) a prime number?
False
Let k = 591 + 7021. Is k/11 - (-6)/(-2) prime?
False
Let g be 3/9*-2859 + (4 - 3). Suppose 0 = 2*i + 2*i - 6156. Let y = g + i. Is y prime?
True
Let u be (-6)/48 + (-2)/(-16). Is 3 + u - 1 - -2 - -5749 prime?
False
Suppose -5*f = 150 - 440. Let j = f + -55. Suppose -3*q = -5*q, -j*q = 2*i - 2486. Is i prime?
False
Let z(a) be the third derivative of -191*a**4/8 + 4*a**3/3 + 12*a**2. Let f be z(2). Let h = -221 - f. Is h composite?
True
Is 1 - (1239203/(-5) - 111/(-185)) composite?
True
Let k be (-28410)/4 + 6/(-4). Let x = 14035 + k. Is x a prime number?
False
Suppose 2*y - 4*x - 664926 = 0, 13*x = -5*y + 12*x + 1662271. Is y prime?
False
Let r(n) = -1287*n - 13. Let d be r(4). Let x = d - -8618. Suppose x = 6*u - 5*u. Is u a composite number?
False
Let o(w) = 4947*w - 18. Let j be o(4). Let a = j - 9203. Is a prime?
True
Let g(i) = -i**3 + 9*i**2 - 8*i + 3. Let l be g(8). Suppose -l*w - s = -13, -5*w + 2*s - 11 = -6*w. Suppose -10*x + 7469 = -w*x. Is x a composite number?
True
Let d(g) = 46377*g - 5720. Is d(5) prime?
False
Suppose 0 = 4*h + 5*g - 156248, 10*g - 195343 = -5*h + 12*g. Is h a composite number?
True
Suppose 46*r - 4950 = 44*r + 4*a, 4930 = 2*r + a. Is r a prime number?
True
Let r(u) = 2*u**2 - 4*u + 1. Suppose 6*c = -3 + 15. Let w be (-14)/(-3)*((-5)/c + 1). Is r(w) a composite number?
False
Let s = 20935 - 11522. Is s prime?
True
Let z(q) = 1343*q**3 + q**2 + 2*q + 3. Let c(g) = 2686*g**3 + 3*g**2 + 5*g + 7. Let k(m) = -2*c(m) + 5*z(m). Let w be k(1). Suppose w = 56*s - 55*s. Is s prime?
False
Let o be ((-12)/9)/(1/(-3)). Let h = 1348 - 713. Suppose h = o*v - 321. Is v composite?
False
Let h = 42213 + -26108. Suppose 48*a + h = 49*a. Is a a composite number?
True
Let g(m) = -2*m + 20. Let u be g(6). Let t be -2 - 20/u*-12. Is -1 + ((-16712)/t)/((-1)/7) prime?
True
Suppose 91*y = -2*c + 86*y + 76499, 3*c - 114741 = -5*y. Is c a composite number?
True
Suppose 10495 = 4*i - 629. Let c = i + 8050. Is c a prime number?
True
Let q be ((-3)/(2/(-2)))/((-6)/172). Let o = q - -194. Let j = o - 29. Is j composite?
False
Let k(u) be the third derivative of -u**6/120 + 2*u**5/15 - u**4/12 - 4*u**3/3 + u**2. Let v be k(6). Let j = -19 + v. Is j a prime number?
False
Let x be (-5 - -5)/(1*-2). Suppose -1982 = 2*z + 2*s - 25712, z + 5*s - 11857 = x. Suppose -10*b + z = 857. Is b composite?
True
Let j(v) = v**3 + 81*v**2 - 15*v - 206. Is j(-65) a composite number?
True
Suppose 0 = -6*w - 28*w + 11*w + 1902146. Is w composite?
True
Let h(g) = -515*g - 289. Let p be h(-11). Let b = p - 635. Is b a prime number?
False
Let u = -3439 - -3449. Let v(r) = 186*r - 46. Let p(a) = -187*a + 45. Let z(q) = -3*p(q) - 2*v(q). Is z(u) a prime number?
True
Let t(o) = -o**2 - 12*o - 17. Let j be t(-10). Let